number?
True
Is 22220197 prime?
False
Is 27470155 composite?
True
Is 368923 a prime number?
False
Is 290897887 composite?
True
Is 110658137 a composite number?
False
Is 115873447 a prime number?
False
Is 120318839 composite?
False
Is 163556551 composite?
True
Is 25106701 prime?
True
Is 503925817 composite?
True
Is 68112563 a composite number?
False
Is 884885 a composite number?
True
Is 10217041 composite?
True
Is 10883359 a prime number?
False
Is 3484373 a composite number?
False
Is 8174983 composite?
False
Is 53357587 composite?
False
Is 19051094 a prime number?
False
Is 1364861 prime?
True
Is 252002 a composite number?
True
Is 948731 prime?
False
Is 744425633 composite?
True
Is 856157 a prime number?
False
Is 20194831 prime?
True
Is 1379 a prime number?
False
Is 1661059 composite?
False
Is 5105869 composite?
True
Is 961673 a composite number?
True
Is 586445723 a prime number?
True
Is 12364097 a composite number?
True
Is 1145021 composite?
False
Is 709156637 prime?
False
Is 34174477 a composite number?
True
Is 61392311 prime?
True
Is 62833663 prime?
True
Is 793043 a prime number?
True
Is 475367 a prime number?
True
Is 5075867 a composite number?
False
Is 4456301 a prime number?
True
Is 343813 a composite number?
False
Is 2876917 a prime number?
False
Is 2960791 composite?
False
Is 307391 a prime number?
False
Is 5736827 a composite number?
True
Is 10039693 prime?
True
Is 263832329 composite?
True
Is 36593399 a prime number?
False
Is 115969999 a composite number?
True
Is 529778 a prime number?
False
Is 42791597 a composite number?
True
Is 6928186 a composite number?
True
Is 97183577 a composite number?
True
Is 5944247 a composite number?
False
Is 12133169 a composite number?
True
Is 17277587 composite?
True
Is 43331259 prime?
False
Is 35263849 a prime number?
False
Is 8253269 a composite number?
True
Is 5476483 a composite number?
False
Is 15969067 a composite number?
False
Is 111417941 composite?
False
Is 69405571 a prime number?
False
Is 95460217 a composite number?
False
Is 482743 prime?
True
Is 1818407 a composite number?
False
Is 755539 prime?
True
Is 56552563 prime?
True
Is 69518459 prime?
True
Is 2796767 prime?
True
Is 75449393 composite?
True
Is 938181 a prime number?
False
Is 3761986 a composite number?
True
Is 6540193 a prime number?
False
Is 1690111 a prime number?
False
Is 21283265 composite?
True
Is 1002416537 a composite number?
False
Is 24611861 a prime number?
False
Is 294910063 a prime number?
False
Is 1590719 a prime number?
False
Is 20756083 composite?
True
Is 88398461 prime?
False
Is 7425133 a composite number?
False
Is 25845827 a prime number?
False
Is 46674253 a composite number?
True
Is 3075771 prime?
False
Is 10123709 prime?
True
Is 1403029 a composite number?
True
Is 1385441 composite?
False
Is 2600799 composite?
True
Is 82627009 prime?
True
Is 773893 prime?
False
Is 5254663 prime?
False
Is 102663359 composite?
True
Is 179986663 composite?
False
Is 2053031 prime?
True
Is 16057849 a composite number?
True
Is 112611217 composite?
False
Is 74130659 composite?
True
Is 1184578 a composite number?
True
Is 201471671 composite?
True
Is 935129 prime?
False
Is 111877239 a composite number?
True
Is 37488329 a prime number?
False
Is 165367 a composite number?
False
Is 1799939 prime?
False
Is 1758539 a prime number?
True
Is 9346889 composite?
True
Is 2211257 a prime number?
True
Is 53373967 a prime number?
False
Is 25623649 composite?
False
Is 18390973 a prime number?
True
Is 73568189 a composite number?
True
Is 172566649 composite?
False
Is 17582081 composite?
True
Is 19552969 a composite number?
True
Is 9597179 composite?
False
Is 11326691 a prime number?
False
Is 8470243 composite?
True
Is 8471759 composite?
False
Is 11933687 prime?
True
Is 8111393 composite?
False
Is 555739 prime?
True
Is 255733 a prime number?
True
Is 262993169 composite?
False
Is 5164417 prime?
True
Is 165098377 a composite number?
False
Is 62993 a composite number?
True
Is 1137067 composite?
False
Is 25005169 prime?
False
Is 40990177 a composite number?
True
Is 3921659 composite?
True
Is 8249489 a prime number?
True
Is 16322731 composite?
True
Is 15762857 a composite number?
True
Is 3677699 composite?
False
Is 7706497 a composite number?
False
Is 55865239 composite?
False
Is 4948915 a prime number?
False
Is 110689 a composite number?
True
Is 69623929 a composite number?
False
Is 1015409 composite?
False
Is 13255303 a composite number?
False
Is 74737543 prime?
True
Is 33588749 a prime number?
True
Is 797767 prime?
True
Is 155848777 prime?
False
Is 20667107 a composite number?
False
Is 24545167 a prime number?
True
Is 783641 a composite number?
False
Is 679342 prime?
False
Is 102038519 a prime number?
False
Is 11877287 a prime number?
True
Is 58371961 composite?
False
Is 1299119 prime?
False
Is 140891 a prime number?
True
Is 376673797 a composite number?
False
Is 4396415 prime?
False
Is 29370329 prime?
True
Is 431191 prime?
True
Is 12522569 composite?
True
Is 301319671 a composite number?
True
Is 402149 a prime number?
False
Is 289465255 composite?
True
Is 200047 a composite number?
True
Is 38074447 a composite number?
True
Is 22419097 prime?
True
Is 2897611 composite?
False
Is 52334509 composite?
True
Is 7494863 prime?
False
Is 143856511 a prime number?
True
Is 190096157 prime?
True
Is 1450901 prime?
False
Is 26713139 a composite number?
True
Is 563602931 prime?
True
Is 1793479 prime?
True
Is 10059503 composite?
True
Is 891967 a composite number?
False
Is 3377807 composite?
False
Is 61009691 a prime number?
False
Is 241405 a prime number?
False
Is 3796161 a prime number?
False
Is 101149 prime?
True
Is 1476467 a composite number?
True
Is 4050529 a prime number?
False
Is 47381327 prime?
False
Is 682141 a composite number?
False
Is 32921309 composite?
False
Is 25295441 a composite number?
True
Is 136282859 a composite number?
True
Is 330438917 composite?
False
Is 2051333155 a composite number?
True
Is 6737057 composite?
False
Is 18424391 prime?
False
Is 11117674 composite?
True
Is 10591919 a composite number?
True
Is 2020409 a prime number?
True
Is 6328193 a prime number?
True
Is 3558907 prime?
False
Is 1079557 prime?
False
Is 42593227 prime?
False
Is 20829899 composite?
False
Is 595340999 composite?
True
Is 300889313 a composite number?
False
Is 8320549 a composite number?
True
Is 3776207 composite?
True
Is 2629127 a prime number?
True
Is 3690979 prime?
False
Is 77512031 composite?
False
Is 119900603 a composite number?
False
Is 75005439 a prime number?
False
Is 70734959 composite?
True
Is 22536973 a prime number?
False
Is 98339477 composite?
False
Is 79713793 a prime number?
True
Is 1613959 composite?
False
Is 201739861 a prime number?
True
Is 56562691 prime?
True
Is 5738023 a prime number?
True
Is 2477633 composite?
True
Is 25425343 prime?
True
Is 1650361 a composite number?
True
Is 173909713 composite?
False
Is 137789 a prime number?
False
Is 265537 a composite number?
True
Is 74701181 a composite number?
True
Is 5606137 composite?
False
Is 36231037 a prime number?
True
Is 629573 a composite number?
True
Is 1539631 composite?
True
Is 15668363 a composite number?
False
Is 6646261 prime?
False
Is 61158007 a prime number?
True
Is 1795033 prime?
True
Is 74484907 composite?
True
Is 4894751 prime?
False
Is 159920347 a composite number?
False
Is 40708781 a prime number?
False
Is 128729699 prime?
False
Is 46811549 a prime number?
False
Is 168343 composite?
True
Is 7466653 a prime number?
True
Is 11535067 composite?
False
Is 9712189 prime?
True
Is 194140497 composite?
True
Is 2131291 prime?
True
Is 20440793 composite?
False
Is 137633 a prime number?
True
Is 386073937 a composite number?
False
Is 239263 composite?
False
Is 162202947 composite?
True
Is 223621 a prime number?
True
Is 8132279 a composite number?
True
Is 11428379 a prime number?
False
Is 859193 composite?
True
Is 96283981 a prime number?
True
Is 10106533 prime?
False
Is 1628767 composite?
True
Is 333694401 a prime number?
False
Is 2052935 a prime number?
False
Is 81676239 a composite number?
True
Is 36156397 a prime number?
True
Is 6280262 prime?
False
Is 22172921 a prime number?
False
Is 472328537 prime?
False
Is 11443009 composite?
False
Is 6661643 a prime number?
True
Is 86069 composite?
False
Is 